ose p = 3*s - 18. Is s a prime number?
False
Let i = 1961 - 1163. Suppose -65*t = -59*t - i. Suppose 12*f = t + 5855. Is f a prime number?
True
Let f(k) = 46*k**2 + 26*k - 60. Let q be f(-35). Is 2*(q/8 - 5) prime?
False
Suppose -11*a + 8*a - 27 = 0. Let c be (1 + (1 - a/(-6)))*0. Suppose c = -35*s + 29*s + 2286. Is s a prime number?
False
Let p(u) = 532*u**3 - 31*u**2 + 181*u - 25. Is p(6) a prime number?
False
Suppose -3*t = 2*x - 558559, -267767 = -2*t + 3*x + 104610. Is t prime?
True
Let v = -164 + 170. Suppose -2*j + v*j = 10508. Is j composite?
True
Suppose 10*g = -4491 + 55861. Suppose -s + t = -t - g, -5*s + 25760 = 5*t. Is s a composite number?
False
Let z be ((-78)/(-30) - 3)/(1/35). Let i = z + 14. Suppose i = -2*h - 2*x + 74, 0*h + 3*h + 4*x - 111 = 0. Is h a prime number?
True
Let f(x) = -11202*x - 2249. Is f(-3) composite?
False
Suppose 0 = 29*d - 26*d + c - 2555864, c - 851950 = -d. Is d a composite number?
False
Let h(n) = 2717*n + 329. Is h(12) a prime number?
True
Suppose -4*z = 3*q + z + 8993, -3*z = -5*q - 14943. Let o = q - -5108. Is o prime?
False
Let g(h) = 392*h**2 + 19*h - 57. Let n be g(16). Suppose -14*t = -144359 - n. Is t composite?
False
Let l = 41657 + -21278. Is l composite?
True
Let d = 135 - 126. Suppose -6*f = -d*f - 5640. Let t = f + 4959. Is t a prime number?
True
Let m(r) = r**2 - 3*r - 31. Let w be m(7). Is ((-2)/6)/(w/2007) prime?
True
Suppose -2*x = -8*x + 96. Is 4*(3620/x + (-6)/2) composite?
True
Let w = 42173 + 128340. Is w composite?
True
Suppose 0*c = -5*c - 4*q, 5*q = 5*c + 45. Let t be (-6120)/(-65) - c/(-26). Is t*(-1)/(8/(-12)) composite?
True
Let t(l) = 30*l - 109. Let a = 132 + -120. Is t(a) composite?
False
Suppose -30*o = -12 - 108. Is (-5532)/(-2) + (9 - o)/5 a composite number?
False
Let b(s) = -10*s**3 + 9*s**3 - 2*s**2 + 3*s**2. Let r(k) = 120*k**3 + 2*k**2 + 9*k + 2. Let w(v) = -4*b(v) + r(v). Is w(3) a composite number?
False
Let s = 31127 + -21896. Let u = 21918 - s. Is u composite?
True
Let j(k) be the first derivative of -5*k**2 + 7*k + 263. Let w = 8 + -25. Is j(w) a composite number?
True
Suppose -f - 24902 = -2*s, 3*s + 41*f - 45*f = 37363. Is s composite?
True
Let c(v) = v**2 - 15*v + 24. Let a be c(11). Is 1346 - 15/a*-4 prime?
False
Suppose -30*t + 1683654 = -9*t. Is t a composite number?
True
Suppose 0 = 12*x - 24 + 108. Is (-4)/(-14) + (-10547)/x a prime number?
False
Suppose -2*p + 342354 = -p + 4*f, -3*p + 1026942 = -3*f. Is p a composite number?
True
Suppose -77158 = -39*p + 767075. Is p a prime number?
True
Suppose -41059 = -5*f - 16*w + 19*w, -3*f + w + 24637 = 0. Is f a prime number?
False
Suppose 5*d = -3*h + 24857, -5*h - 14*d + 41471 = -11*d. Is h a composite number?
True
Let o(b) = -3*b - 1277. Let u be o(0). Let n = -3065 - u. Let t = 3059 + n. Is t a composite number?
True
Let c(g) = 186*g - 79. Let t be ((-4)/(-5))/(4/80) - 4. Is c(t) composite?
False
Let m(q) = 4280*q**2 + 94*q - 1019. Is m(10) prime?
False
Let n(c) = 2*c**3 - 6*c**2 + 7*c + 13. Let a be n(-7). Let t = a - -2722. Let p = t + -1123. Is p composite?
True
Suppose -51 = 10*g - 91. Suppose -2*b + 15168 = g*v, 13*b + 7590 = 2*v + 17*b. Is v prime?
False
Is (87 - 8)*((-1662)/(-9))/(8/12) composite?
True
Let z = -67 + 64. Is (z - (-40)/12) + (-4864)/(-6) composite?
False
Suppose 3 = -u + 6. Let d(y) = 25*y**3 + 4*y**2 - 2*y - 2. Let z be d(u). Suppose -108 + z = 5*l. Is l composite?
True
Suppose 0 = -3*d - 5*a + 4973, 8*d - 9*d - 4*a + 1667 = 0. Is d prime?
False
Suppose 0 = -a + 5*c + 792805, -42*a + 45*a - 2378455 = -5*c. Is a a prime number?
False
Let n = -562 + 335. Let f = n - -265. Is f prime?
False
Let y be (2 + -4)/(-4*2/12932). Let v(c) = 1578*c + 10. Let u be v(3). Let q = u - y. Is q composite?
False
Suppose 2*g + 4322 = p, -2*p = -5*g + 5863 - 16668. Let o = 10122 + g. Is o a composite number?
True
Let p be (-2)/((-4)/4 + 0)*5. Suppose -4*l = -5*w + 5, -w + 0 = l - p. Suppose 0 = -l*a + 3*k + 18604, -a - 3*a - 3*k + 14867 = 0. Is a prime?
True
Let t(y) = -1193*y**3 + 13*y**2 - 6*y - 25. Is t(-4) prime?
False
Suppose -2*j + 2*r = -254530, 0 = -8*j + 275*r - 276*r + 1018057. Is j a composite number?
True
Suppose 6*h = -21*h - 45*h + 22643568. Is h a prime number?
False
Suppose -15 = -3*f - 3*h, -5*h = 4*f - 5 - 10. Let o = -7 + f. Suppose -o*j + 794 = -1129. Is j a composite number?
False
Let i be (-60051)/(-12) + 12/(-48). Suppose 0 = -4*m + 2*n + 22, m + 0*m = -3*n + 9. Suppose 0 = -m*g - 1482 + i. Is g prime?
True
Is 290794/42*(-363)/(3 - 14) composite?
True
Is (-11*(-203666)/11)/((-2 + 3)*2) composite?
False
Let w(u) = 7*u**2 - 1. Let c be w(-3). Suppose -3 = c*h - 59*h. Is (-1)/(-2)*-5*1174/h composite?
True
Let d(t) = -9557*t + 13776. Is d(-58) prime?
False
Suppose -r = r + 5*a + 12, 4*r + 5*a = -4. Suppose r*q + 7574 = 2*d, -3 + 8 = -5*q. Is d prime?
False
Let f be ((-4 - -4) + 9)*1. Suppose 3*p = f, 0 = 3*h + 2*p - 9533 - 13288. Suppose -2*r - 2 = 0, -5*r + h = 5*m - 0*r. Is m prime?
False
Suppose 71*l - 75*l + 4*b + 81880 = 0, 12 = -4*b. Is l prime?
False
Suppose -7 = a - 57. Let n = -689 + -304. Is n*(-4 - a/(-15)) a prime number?
False
Let p(k) = k**3 + k**2 + k. Let r be p(0). Let m be (10 - r)*(-336)/(-5). Suppose -2*t + 326 = -m. Is t composite?
False
Is 195216 + (-5 + -5 - 1) a composite number?
True
Suppose a + 4*k = 625797, 3*a - 1202810 = 2*k + 674511. Is a composite?
False
Suppose -5*b = -4*z + 888869, 3*b = -237*z + 235*z + 444407. Is z a prime number?
False
Let u(z) = -7*z**3 - 8*z**2 + 31*z - 28. Let w be u(-11). Let m = w + -877. Is m a prime number?
True
Let g(q) = -18241*q + 650. Is g(-21) composite?
True
Let n = -20 + 71. Let a = 55 - n. Suppose -3*x - a*q = -7*x + 4544, 3*x - 4*q = 3405. Is x composite?
True
Suppose -21*v - 12477964 = -265*v - 777920. Is v prime?
True
Let h = -141 + 143. Suppose 12585 = 3*m - g, 5*m - h*m - 5*g - 12585 = 0. Is m prime?
False
Let n(r) = -117*r + 46*r - 92*r. Let x(c) = -164*c - 1. Let v(f) = 4*n(f) - 5*x(f). Is v(4) a prime number?
True
Suppose -3*z - 5*c + 119933 = 0, 5*z - 14556 = 2*c + 185384. Is z a prime number?
False
Let z(v) = 19*v + 100. Let r be z(-20). Let w = -229 - r. Is w prime?
False
Let r be (8/(-14))/((360/105)/(-12)). Is r/((-42471)/42489 + (-3)/(-3)) composite?
False
Let q(k) = -84*k - 338. Let j be q(-4). Is 3*(1 + j) + 75502 + 22 a composite number?
False
Let s(g) = 128*g**2 - g - 2. Let q be s(-1). Suppose -57*k - 1158 = -60*k. Let t = k - q. Is t prime?
False
Let c(u) be the second derivative of u**4 - u**3/2 - 3*u**2/2 + 2*u. Let k be c(-4). Suppose k = 3*i - 426. Is i a prime number?
False
Let b = 406 - 412. Is (-1*9662/(-6))/((-2)/b) composite?
False
Suppose -92*f - 161*f + 14664133 = 0. Is f a composite number?
True
Suppose -3*z - y + 25 = 0, 0 = 2*z + 2*y + 1 - 19. Let k(w) = -3 - 2*w - 35*w - z - 10*w. Is k(-4) composite?
True
Let w = 50728 - 23641. Is w a composite number?
True
Let x = -15 - -11. Suppose 13*c - 5213 = 16250. Is c/4 + 51/12 + x prime?
False
Let w be 36/24*(-5)/(5/(-19938)). Let j = w - 19858. Is j composite?
True
Let g(s) = -s**2 + 1. Let q(u) = -u + 1. Let j(d) = g(d) - 6*q(d). Let p be j(5). Suppose p = -r - 425 + 1210. Is r prime?
False
Let b(v) = 25*v**3 - 4*v - 2. Let l be b(-1). Let z(u) = 2*u + 48. Let y be z(l). Suppose -9422 = -y*t - 3*h, -5099 + 388 = -t + 3*h. Is t a composite number?
True
Let m = 732158 + -456559. Is m a composite number?
False
Suppose -69 = 13*b - 16*b. Let x(g) = 110*g**2 - 1 + 53*g**2 - g**2 - g + b*g**2. Is x(3) a composite number?
True
Let p(q) = 5*q**3 + 10*q**2 + 9*q - 3. Let v be p(-7). Let t(y) = 20*y**2 - 21*y - 120. Let d be t(-10). Let x = v + d. Is x composite?
True
Let o = 138576 + -45113. Is o composite?
False
Suppose -60*w + 64*w - 20 = 0. Suppose w*u - 14 = -2*u. Suppose -3*x - 6853 = -4*j + 2*x, -u*j + 3419 = -5*x. Is j prime?
False
Let f(l) = 19136*l + 2839. Is f(5) a composite number?
False
Suppose 602*v - 58696050 = 121070934 + 9678202. Is v a composite number?
False
Suppose 5*u - g = 6, -2*g = -4 - 4. Suppose -s + 4*c - 14 - u = 0, 2*s = -5*c - 19. Is (-2366)/(-35) - s/(-20) a composite number?
False
Let d = -12213 - -47612. Let h = -21247 + d. Suppose -4*v + 10595 = 5*n - 3548, -5*n - v = -h. Is n prime?
False
Suppose 0 = -43*t - 76